hen 113 is divided by i.
21
Let i = -28 - -47. Calculate the remainder when i is divided by 10.
9
Let g be -2*(1 + (-15)/6). Suppose -2*c - 2*w = g*w - 6, 2*w = -3*c + 9. Suppose -c = -t + 3. What is the remainder when 16 is divided by t?
4
Let w(f) = -f**3 + f + 8. Suppose 3*u = -b + 62, -76 = -4*u + 4*b - 7*b. What is the remainder when u is divided by w(0)?
6
Suppose 0*a = a + 2, 2*f - 4*a = 12. Let l = f + 1. What is the remainder when 3 is divided by l?
0
Suppose 78 - 14 = 8*r. What is the remainder when 21 is divided by r?
5
Let m(p) = -p**2 + p + 16. Calculate the remainder when 14 is divided by m(4).
2
Suppose 2*m - 88 = 2. Suppose -2*d + 0*v = -v - 25, -m = -4*d + v. What is the remainder when (1 - -16*1) + 0 is divided by d?
7
Let c = 118 + -85. What is the remainder when c is divided by 21?
12
Let a be (-4)/(-6)*21/2. Suppose -3*r + a*r - 284 = 0. Suppose 9*j - 2*q = 4*j + r, -j + 21 = 3*q. Calculate the remainder when 44 is divided by j.
14
Let i(d) = d**2 + 28*d + 61. What is the remainder when 169 is divided by i(-27)?
33
Let u(v) = 47*v**2 + v. Let y be u(1). Suppose y = -i + 3*i + 4*w, 0 = -4*i + 3*w + 118. Calculate the remainder when i is divided by 10.
8
Suppose 4*p - 1 = 3*b, 2*p - 3 = -1. Calculate the remainder when 2 is divided by b.
0
Suppose -7*m = -2*m - 20. Suppose 5*i = b + 78, -4*b = -m*i - 2*b + 60. Let v = i + 3. What is the remainder when v is divided by 10?
9
Suppose 6*a - 258 = -0. Calculate the remainder when a is divided by 9.
7
Let x(a) be the second derivative of -2*a**4/3 + a**3/6 - a**2 - a. Let b(d) be the first derivative of x(d). What is the remainder when b(-1) is divided by 9?
8
Let m(q) = 2*q**2 - 5*q - 11. Calculate the remainder when 153 is divided by m(6).
29
Let h(d) be the second derivative of d**4/6 + d**3/2 - d**2/2 + 2*d. What is the remainder when h(2) is divided by 7?
6
Let i(o) = 2*o + 23. What is the remainder when i(10) is divided by ((-18)/(-10))/((-3)/(-15))?
7
Let d = 5 + -10. Let b(z) be the first derivative of -z**2 - 4*z - 3. Calculate the remainder when 16 is divided by b(d).
4
Let n(c) = c**3 - 10*c**2 - 11*c + 14. What is the remainder when 66 is divided by n(11)?
10
What is the remainder when 40 is divided by 2 + 14 - (0 - -2)?
12
Suppose -2*j + 2 = 2*t, -3*t - 3 + 0 = 0. What is the remainder when -12*(7/j)/(-1) is divided by 11?
9
What is the remainder when 31 is divided by 1*4/10 - 309/(-15)?
10
Let b = 71 + -41. What is the remainder when 59 is divided by b?
29
Let n(p) = 13*p - 1. Let w be n(3). Suppose 5*g + 13 = 48. What is the remainder when w/3 - (-2)/6 is divided by g?
6
Suppose 12*o = 16*o - 11020. What is the remainder when o/45 - (-6)/(-27) is divided by (1*(21 + 0))/1?
19
Let u(o) = -17*o - 3. Let w(b) = -b**2 - 5*b - 6. Let g be 21/(-5) + 3/15. Let s be w(g). What is the remainder when u(s) is divided by 8?
7
Suppose -n = 4 - 17. Let b(v) = 25*v. Let d = 6 - 4. What is the remainder when b(d) is divided by n?
11
Suppose -d - 3*d - 3*r + 128 = 0, -5*d = 3*r - 163. What is the remainder when 138 is divided by d?
33
Suppose 4*b - 94 - 32 = -5*z, -2*z - 112 = -4*b. Let u = -18 + 25. What is the remainder when b is divided by u - 4 - (-7 - 0)?
9
Let h be 69/12 - 1/(-4). Let i = h + -4. Suppose -2*o + i = -0*o. What is the remainder when 1 is divided by o?
0
Let j(c) = -2*c**3 - 3*c**2 + 2*c + 1. Suppose -5*o - 165 + 480 = 0. What is the remainder when o is divided by j(-3)?
19
What is the remainder when ((-2)/4)/(18/(-1692)) is divided by 10?
7
Suppose -4*d - 9 + 29 = 0. What is the remainder when 19 is divided by d?
4
Let o = 0 - -3. Suppose -r + o*h = -9 - 50, -2*h - 2 = 0. Suppose 5*x - t - 88 = 0, 0 = 4*x - 3*t + 7*t - r. Calculate the remainder when 32 is divided by x.
15
Let l = 129 - 86. Let u(b) = -3*b**3 - b**2 + 4*b + 3. Suppose 4*i = 2*i - 4. What is the remainder when l is divided by u(i)?
13
Suppose 5*b - 16 = 4. Let g be (-23)/(-7) + (-8)/28. Suppose -g*z + 31 = -8. What is the remainder when z is divided by b?
1
Suppose -9*k + 1176 = 5*k. Calculate the remainder when k is divided by 29.
26
What is the remainder when 89 is divided by (-7)/(14/(-8)) + 19?
20
Let d = -7 - -11. Suppose -2*i + 235 = 3*i + a, d*i - 2*a - 188 = 0. Calculate the remainder when i is divided by (2 - (-10)/(-8))*32.
23
Let w be (2 - 1)/(1/31). Let x = 51 - w. What is the remainder when x is divided by 11?
9
Let c = -6 - -8. What is the remainder when 28 is divided by c + -3 + (-33)/(-3)?
8
Let n be 10/(2 - 0/3). Suppose n*l = 3*l + 86. What is the remainder when l is divided by 15?
13
Suppose -2*t + 15 = -17. Suppose 5*f = 235 + 155. What is the remainder when f is divided by t?
14
Suppose 0 = -5*m + 2*d + 2*d + 81, -57 = -5*m - 2*d. Suppose p + 4*p - 2*z = 21, 4*p - 5*z = 10. Calculate the remainder when m is divided by p.
3
Let l = 6 + -6. What is the remainder when (11 - -18)/(1 - l) is divided by 15?
14
Let b = -55 - -102. Calculate the remainder when b is divided by 13.
8
Let u = -9 - -1. Let g = 20 - u. Let d = g + -19. Calculate the remainder when d is divided by 5.
4
Let i = 125 + -121. Calculate the remainder when 5/(-2*(-1)/2) is divided by i.
1
What is the remainder when (-27 - -24)*(1 - 28/6) is divided by 2?
1
What is the remainder when 3/(-9) + (-236)/(-6) is divided by (5 + -3)*40/8?
9
Suppose 2*o + 20 = -s - 2*s, 2*s + 5*o = -28. Let a(b) = -6*b. What is the remainder when a(s) is divided by 14?
10
Let f be (-4)/(-1) + (2 - 1). Suppose f*n - 27 = 28. Calculate the remainder when (-5)/(-15) + 184/6 is divided by n.
9
Let u(f) = 67*f + 4. Calculate the remainder when u(3) is divided by 52.
49
Let w be 2*((-3)/(-6) + 1). Suppose -84 = -w*p - p. What is the remainder when 83 is divided by p?
20
Let o = -5 - -8. Suppose o*r - 12 = -r. Calculate the remainder when r is divided by 3.
0
Suppose l + r = 2, 4*l + 2*r = 6*r + 8. Calculate the remainder when 2 is divided by l.
0
Let v be 0/(-3 + (-15)/(-3)). Suppose 4*j - 197 - 143 = v. Calculate the remainder when j is divided by 22.
19
Let k be 24/14 + (-4)/(-14). Let o be k/(-2 + 1) + -7. Calculate the remainder when 16 is divided by (3 + o)/(-2)*2.
4
Let q = 1 - 2. Let f(p) = 3*p**2 + p. Let u be f(q). Suppose -u*g + 4*s = -2 - 20, 5*g + 4*s - 27 = 0. What is the remainder when g is divided by 4?
3
Let a(g) = 5*g**2 + g + 1. Suppose 3*p = 1 + 8. Calculate the remainder when a(-1) is divided by p.
2
Let d(p) = p**3 + 7*p**2 + 6*p + 8. Let z be d(-6). Let o = 11 - z. Suppose 4*s = 2*t + 34, -s - t + 19 = 2*t. Calculate the remainder when s is divided by o.
1
Let y be -1*(0 - 0) - 2. Let k(v) = -v**3 - 2*v**2 - 2*v - 1. Let b(q) = -q**3 - 8*q**2 + 9*q + 7. What is the remainder when b(-9) is divided by k(y)?
1
Let f be (-1 + -1)/(4/(-10)). Let r be (f - 1)/(4/(-2)). Calculate the remainder when 31 is divided by (5 - 7)*11/r.
9
Let x(s) = -s + 12. Suppose 2*r - 36 = -2*r. Let m be x(r). Suppose -4*i = b - 0*b - 48, -3*b + 45 = m*i. Calculate the remainder when 21 is divided by i.
10
Let y(h) = -h**2 + 6*h - 6. Let z be y(4). Suppose -2*j + 2 = -4*j. What is the remainder when 38 is divided by (15/j)/(-1) - z?
12
Let y be (4/(-5))/((-6)/585). Suppose 3*k - y = -0*k. What is the remainder when k is divided by 9?
8
Suppose h = 3*h - 18. Suppose 366 = -3*j + h*j. Calculate the remainder when j is divided by 16.
13
Let r = 69 + -43. Let u(k) = -2*k + 103. Calculate the remainder when u(0) is divided by r.
25
Suppose -6*r - 2 = -4*r. Let l = r + 1. Suppose 4*g + l*t - t = 38, -2*g + 16 = t. What is the remainder when g is divided by 5?
4
Let g(i) = -i**3 - 11*i**2 - 11*i + 14. What is the remainder when 44 is divided by g(-10)?
20
Let n be -7 - 4 - (1 + 0). Let w = 2 + n. What is the remainder when 14 is divided by (6/(-4))/(3/w)?
4
Let n(i) = 10*i**2 + 1. Suppose r = -0 + 4. Calculate the remainder when n(-1) is divided by r.
3
Let t = -7 + 10. Suppose -5*n + t*l + 54 = -n, -4*l = 2*n - 16. Calculate the remainder when 34 is divided by n.
10
Suppose 8*r - 22 = 2. Suppose -5*z = 4*l - 6, 3*l - 2*z = -0*z - 7. What is the remainder when (-1 + l - -10)/1 is divided by r?
2
Let b be 7*-1*(-2 - -3). Let t be 159/4 - 2/(-8). Let g = t + b. Calculate the remainder when g is divided by 9.
6
Let q(m) = -m + 17. What is the remainder 